{"id":6463,"date":"2023-12-18T17:49:01","date_gmt":"2023-12-18T20:49:01","guid":{"rendered":"https:\/\/passionalatable.com.br\/?post_type=product&#038;p=6463"},"modified":"2023-12-18T17:49:01","modified_gmt":"2023-12-18T20:49:01","slug":"kit-begonia","status":"publish","type":"product","link":"https:\/\/passionalatable.com.br\/?product=kit-begonia","title":{"rendered":"Kit beg\u00f4nia"},"content":{"rendered":"<p>Kit 6 lugares, fibra de poli\u00e9ster, estampa digital beg\u00f4nia.<\/p>\n<p>N\u00e3o colocar na maquina de lavar, n\u00e3o passar<\/p>\n<p>Guardanapo off white com bola rosa\/ tecido 100 % alogod\u00e3o<\/p>\n<p>Dimens\u00f5es : 45 cm x 45 cmN<\/p>\n","protected":false},"excerpt":{"rendered":"<p><a href=\"https:\/\/passionalatable.com.br\/wp-content\/uploads\/2023\/12\/1080x1080-px-104.png\"><img loading=\"lazy\" decoding=\"async\" class=\"alignnone size-medium wp-image-6460\" src=\"https:\/\/passionalatable.com.br\/wp-content\/uploads\/2023\/12\/1080x1080-px-104-330x330.png\" alt=\"\" width=\"330\" height=\"330\" \/><\/a><\/p>\n","protected":false},"featured_media":6459,"template":"","meta":[],"class_list":{"0":"post-6463","1":"product","2":"type-product","3":"status-publish","4":"has-post-thumbnail","6":"product_cat-kit","9":"instock","10":"sale","11":"taxable","12":"shipping-taxable","13":"purchasable","14":"product-type-simple"},"_links":{"self":[{"href":"https:\/\/passionalatable.com.br\/index.php?rest_route=\/wp\/v2\/product\/6463","targetHints":{"allow":["GET"]}}],"collection":[{"href":"https:\/\/passionalatable.com.br\/index.php?rest_route=\/wp\/v2\/product"}],"about":[{"href":"https:\/\/passionalatable.com.br\/index.php?rest_route=\/wp\/v2\/types\/product"}],"wp:featuredmedia":[{"embeddable":true,"href":"https:\/\/passionalatable.com.br\/index.php?rest_route=\/wp\/v2\/media\/6459"}],"wp:attachment":[{"href":"https:\/\/passionalatable.com.br\/index.php?rest_route=%2Fwp%2Fv2%2Fmedia&parent=6463"}],"curies":[{"name":"wp","href":"https:\/\/api.w.org\/{rel}","templated":true}]}}