{"id":6374,"date":"2023-12-05T19:17:22","date_gmt":"2023-12-05T22:17:22","guid":{"rendered":"https:\/\/passionalatable.com.br\/?post_type=product&#038;p=6374"},"modified":"2023-12-18T13:44:21","modified_gmt":"2023-12-18T16:44:21","slug":"kit-folha-de-bananeira","status":"publish","type":"product","link":"https:\/\/passionalatable.com.br\/?product=kit-folha-de-bananeira","title":{"rendered":"Kit folha de bananeira"},"content":{"rendered":"<p>Kit 6 jogos americanos, dupla face, estampa folha de bananeira e bege liso.<\/p>\n<p>Tecido semi imperme\u00e1vel<\/p>\n<p>Composi\u00e7\u00e3o Poli\u00e9ster e algod\u00e3o<\/p>\n<p>N\u00e3o usar alvejantes e altas temperaturas<\/p>\n","protected":false},"excerpt":{"rendered":"<p><a href=\"https:\/\/passionalatable.com.br\/wp-content\/uploads\/2023\/12\/1080x1080-px-59.png\"><img loading=\"lazy\" decoding=\"async\" class=\"alignnone size-medium wp-image-6302\" src=\"https:\/\/passionalatable.com.br\/wp-content\/uploads\/2023\/12\/1080x1080-px-59-330x330.png\" alt=\"\" width=\"330\" height=\"330\" \/><\/a><\/p>\n","protected":false},"featured_media":6303,"template":"","meta":[],"class_list":{"0":"post-6374","1":"product","2":"type-product","3":"status-publish","4":"has-post-thumbnail","6":"product_cat-outlet","7":"product_cat-kit","10":"instock","11":"sale","12":"taxable","13":"shipping-taxable","14":"purchasable","15":"product-type-simple"},"_links":{"self":[{"href":"https:\/\/passionalatable.com.br\/index.php?rest_route=\/wp\/v2\/product\/6374","targetHints":{"allow":["GET"]}}],"collection":[{"href":"https:\/\/passionalatable.com.br\/index.php?rest_route=\/wp\/v2\/product"}],"about":[{"href":"https:\/\/passionalatable.com.br\/index.php?rest_route=\/wp\/v2\/types\/product"}],"wp:featuredmedia":[{"embeddable":true,"href":"https:\/\/passionalatable.com.br\/index.php?rest_route=\/wp\/v2\/media\/6303"}],"wp:attachment":[{"href":"https:\/\/passionalatable.com.br\/index.php?rest_route=%2Fwp%2Fv2%2Fmedia&parent=6374"}],"curies":[{"name":"wp","href":"https:\/\/api.w.org\/{rel}","templated":true}]}}