{"id":3203,"date":"2021-10-03T11:05:39","date_gmt":"2021-10-03T14:05:39","guid":{"rendered":"https:\/\/passionalatable.com.br\/mesaposta\/?post_type=product&#038;p=3203"},"modified":"2023-11-29T18:59:05","modified_gmt":"2023-11-29T21:59:05","slug":"jogo-americano-impermeavel-bege","status":"publish","type":"product","link":"https:\/\/passionalatable.com.br\/?product=jogo-americano-impermeavel-bege","title":{"rendered":"Jogo americano imperme\u00e1vel bege"},"content":{"rendered":"<p><img loading=\"lazy\" decoding=\"async\" class=\"alignnone size-full wp-image-5929\" src=\"https:\/\/passionalatable.com.br\/wp-content\/uploads\/2021\/05\/FACB2ED5-559D-4961-89C5-397615C431DD.jpeg\" alt=\"\" width=\"958\" height=\"1280\" \/><\/p>\n","protected":false},"excerpt":{"rendered":"<p>Jogo americano redondo em fibra de poli\u00e9ster \u00a0imperme\u00e1vel, com acabamento bordado.<\/p>\n<p>Tecido 100 % poli\u00e9ster<\/p>\n<p>Diametro 40 cm<\/p>\n<p>N\u00e3o usar alvejantes, n\u00e3o dobrar e n\u00e3o submeter a altas temperaturas<\/p>\n","protected":false},"featured_media":3259,"template":"","meta":[],"class_list":{"0":"post-3203","1":"product","2":"type-product","3":"status-publish","4":"has-post-thumbnail","6":"product_cat-jogo-americano","9":"instock","10":"taxable","11":"shipping-taxable","12":"purchasable","13":"product-type-simple"},"_links":{"self":[{"href":"https:\/\/passionalatable.com.br\/index.php?rest_route=\/wp\/v2\/product\/3203","targetHints":{"allow":["GET"]}}],"collection":[{"href":"https:\/\/passionalatable.com.br\/index.php?rest_route=\/wp\/v2\/product"}],"about":[{"href":"https:\/\/passionalatable.com.br\/index.php?rest_route=\/wp\/v2\/types\/product"}],"wp:featuredmedia":[{"embeddable":true,"href":"https:\/\/passionalatable.com.br\/index.php?rest_route=\/wp\/v2\/media\/3259"}],"wp:attachment":[{"href":"https:\/\/passionalatable.com.br\/index.php?rest_route=%2Fwp%2Fv2%2Fmedia&parent=3203"}],"curies":[{"name":"wp","href":"https:\/\/api.w.org\/{rel}","templated":true}]}}