{"id":512,"date":"2020-06-04T09:05:30","date_gmt":"2020-06-04T02:05:30","guid":{"rendered":"https:\/\/elementor.thembay.com\/diza_medicine\/?page_id=512"},"modified":"2022-08-08T09:51:31","modified_gmt":"2022-08-08T12:51:31","slug":"quem-somos","status":"publish","type":"page","link":"https:\/\/passionalatable.com.br\/?page_id=512","title":{"rendered":"Nossa Hist\u00f3ria"},"content":{"rendered":"\t\t<div data-elementor-type=\"wp-page\" data-elementor-id=\"512\" class=\"elementor elementor-512\" data-elementor-settings=\"[]\">\n\t\t\t\t\t\t\t<div class=\"elementor-section-wrap\">\n\t\t\t\t\t\t\t<section class=\"elementor-section elementor-top-section elementor-element elementor-element-beead5c elementor-section-boxed elementor-section-height-default elementor-section-height-default\" data-id=\"beead5c\" data-element_type=\"section\">\n\t\t\t\t\t\t<div class=\"elementor-container elementor-column-gap-default\">\n\t\t\t\t\t<div class=\"elementor-column elementor-col-33 elementor-top-column elementor-element elementor-element-b971924\" data-id=\"b971924\" data-element_type=\"column\">\n\t\t\t<div class=\"elementor-widget-wrap\">\n\t\t\t\t\t\t\t\t\t<\/div>\n\t\t<\/div>\n\t\t\t\t<div class=\"elementor-column elementor-col-33 elementor-top-column elementor-element elementor-element-bfcee37\" data-id=\"bfcee37\" data-element_type=\"column\">\n\t\t\t<div class=\"elementor-widget-wrap elementor-element-populated\">\n\t\t\t\t\t\t\t\t<div class=\"elementor-element elementor-element-ce9accc elementor-widget elementor-widget-heading\" data-id=\"ce9accc\" data-element_type=\"widget\" data-widget_type=\"heading.default\">\n\t\t\t\t<div class=\"elementor-widget-container\">\n\t\t\t<h2 class=\"elementor-heading-title elementor-size-default\">Quem Somos<\/h2>\t\t<\/div>\n\t\t\t\t<\/div>\n\t\t\t\t<div class=\"elementor-element elementor-element-2050345 elementor-widget elementor-widget-text-editor\" data-id=\"2050345\" data-element_type=\"widget\" data-widget_type=\"text-editor.default\">\n\t\t\t\t<div class=\"elementor-widget-container\">\n\t\t\t\t\t\t\t\t<p>Nada como estar entre fam\u00edlia e amigos, mesa posta, conversa comprida, comida gostosa, caf\u00e9, vinho, risadas e o tempo sendo gracioso.<br \/>Foi desse gosto que h\u00e1 dois anos, nascia a Passion \u00e0 la Table.<br \/>Decidimos que seria a hora de compartilharmos nossa alegria e h\u00e1bito de amor em tornar a casa charmosa e aconchegante.<br \/>Gostamos de criar e transformar tecidos em pe\u00e7as cativantes, produzidas com nossa participa\u00e7\u00e3o do in\u00edcio ao fim.<br \/>Para a gente, cada pe\u00e7a \u00e9 uma chance que temos de deixar a mesa mais bonita e acolhedora.<\/p><p>\u00a0<\/p><p style=\"text-align: right;\">M\u00e1rcia e Eliane<\/p>\t\t\t\t\t\t<\/div>\n\t\t\t\t<\/div>\n\t\t\t\t\t<\/div>\n\t\t<\/div>\n\t\t\t\t<div class=\"elementor-column elementor-col-33 elementor-top-column elementor-element elementor-element-777dd6e\" data-id=\"777dd6e\" data-element_type=\"column\">\n\t\t\t<div class=\"elementor-widget-wrap\">\n\t\t\t\t\t\t\t\t\t<\/div>\n\t\t<\/div>\n\t\t\t\t\t\t\t<\/div>\n\t\t<\/section>\n\t\t\t\t\t\t<\/div>\n\t\t\t\t\t<\/div>\n\t\t","protected":false},"excerpt":{"rendered":"<p>Quem Somos Nada como estar entre fam\u00edlia e amigos, mesa posta, conversa comprida, comida gostosa, caf\u00e9, vinho, risadas e o tempo sendo gracioso. Foi desse gosto que h\u00e1 dois anos, nascia a Passion \u00e0 la Table. Decidimos que seria a hora de compartilharmos nossa alegria e h\u00e1bito de amor em tornar a casa charmosa e &hellip; <a href=\"https:\/\/passionalatable.com.br\/?page_id=512\" class=\"more-link\">Continue reading <span class=\"screen-reader-text\">Nossa Hist\u00f3ria<\/span><\/a><\/p>\n","protected":false},"author":1,"featured_media":0,"parent":0,"menu_order":0,"comment_status":"closed","ping_status":"closed","template":"","meta":{"footnotes":""},"class_list":["post-512","page","type-page","status-publish","hentry"],"_links":{"self":[{"href":"https:\/\/passionalatable.com.br\/index.php?rest_route=\/wp\/v2\/pages\/512","targetHints":{"allow":["GET"]}}],"collection":[{"href":"https:\/\/passionalatable.com.br\/index.php?rest_route=\/wp\/v2\/pages"}],"about":[{"href":"https:\/\/passionalatable.com.br\/index.php?rest_route=\/wp\/v2\/types\/page"}],"author":[{"embeddable":true,"href":"https:\/\/passionalatable.com.br\/index.php?rest_route=\/wp\/v2\/users\/1"}],"replies":[{"embeddable":true,"href":"https:\/\/passionalatable.com.br\/index.php?rest_route=%2Fwp%2Fv2%2Fcomments&post=512"}],"version-history":[{"count":16,"href":"https:\/\/passionalatable.com.br\/index.php?rest_route=\/wp\/v2\/pages\/512\/revisions"}],"predecessor-version":[{"id":3298,"href":"https:\/\/passionalatable.com.br\/index.php?rest_route=\/wp\/v2\/pages\/512\/revisions\/3298"}],"wp:attachment":[{"href":"https:\/\/passionalatable.com.br\/index.php?rest_route=%2Fwp%2Fv2%2Fmedia&parent=512"}],"curies":[{"name":"wp","href":"https:\/\/api.w.org\/{rel}","templated":true}]}}