{"id":10,"date":"2021-04-28T12:34:10","date_gmt":"2021-04-28T15:34:10","guid":{"rendered":"http:\/\/agoratecnologia.com.br\/nurcosmeticos\/my-account\/"},"modified":"2021-05-10T22:31:06","modified_gmt":"2021-05-11T01:31:06","slug":"my-account","status":"publish","type":"page","link":"https:\/\/passionalatable.com.br\/?page_id=10","title":{"rendered":"Minha Conta"},"content":{"rendered":"<div class=\"woocommerce\"><div class=\"woocommerce-notices-wrapper\">\n\t<div class=\"woocommerce-message\" role=\"alert\">\n\t\t<a href=\"https:\/\/passionalatable.com.br\/?page_id=8\" tabindex=\"1\" class=\"button wc-forward\">View cart<\/a> &ldquo;Jogo americano hortensia verde&rdquo; has been added to your cart.\t<\/div>\n<\/div>\r\n<div class=\"u-columns row justify-content-center\" id=\"customer_login\">\r\n\t<div class=\"log-form\">\r\n\t\t<ul class=\"nav nav-tabs\" role=\"tablist\">\r\n\t\t    <li role=\"presentation\"><a href=\"#login\" aria-controls=\"login\" role=\"tab\" class=\"active\" data-toggle=\"tab\">Login<\/a><\/li>\r\n\r\n\t\t    \t\t\t    <li role=\"presentation\"><a href=\"#register\" aria-controls=\"register\" role=\"tab\" data-toggle=\"tab\">Register<\/a><\/li>\r\n\t\t\t\t  \t<\/ul>\r\n\t\t<div class=\"tab-content\">\r\n\t    \t<div role=\"tabpanel\" class=\"tab-pane active\" id=\"login\">\r\n\r\n\t\t\t\t<form id=\"login\" class=\"woocommerce-form woocommerce-form-login login\" method=\"post\">\r\n\r\n\t\t\t\t\t\r\n\t\t\t\t\t<span class=\"sub-title\">Enter your username and password to login.<\/span>\r\n\r\n\t\t\t\t\t<p class=\"woocommerce-form-row woocommerce-form-row--wide form-row form-row-wide\">\r\n\t\t\t\t\t\t<input type=\"text\" class=\"woocommerce-Input woocommerce-Input--text input-text\" name=\"username\" id=\"username\" placeholder=\"Username or email\" autocomplete=\"username\" value=\"\" \/>\t\t\t\t\t<\/p>\r\n\t\t\t\t\t<p class=\"woocommerce-form-row woocommerce-form-row--wide form-row form-row-wide\">\r\n\t\t\t\t\t\t<input class=\"woocommerce-Input woocommerce-Input--text input-text\" type=\"password\" name=\"password\" id=\"password\" placeholder=\"Password\" autocomplete=\"current-password\" \/>\r\n\t\t\t\t\t<\/p>\r\n\t\t\t\t\t\t\t\t\t\t\r\n\t\t\t\t\t<p class=\"form-row last\">\r\n\t\t\t\t\t\t<input type=\"hidden\" id=\"woocommerce-login-nonce\" name=\"woocommerce-login-nonce\" value=\"855344fb6f\" \/><input type=\"hidden\" name=\"_wp_http_referer\" value=\"\/index.php?rest_route=%2Fwp%2Fv2%2Fpages%2F10\" \/>\t\t\t\t\t\t<label class=\"woocommerce-form__label woocommerce-form__label-for-checkbox inline\">\r\n\t\t\t\t\t\t\t<input class=\"woocommerce-form__input woocommerce-form__input-checkbox\" name=\"rememberme\" type=\"checkbox\" id=\"rememberme\" value=\"forever\" \/> <span>Remember me<\/span>\r\n\t\t\t\t\t\t<\/label>\r\n\t\t\t\t\t\t<button type=\"submit\" class=\"woocommerce-Button button\" name=\"login\" value=\"Login\">Login<\/button>\r\n\t\t\t\t\t<\/p>\r\n\t\t\t\t\t<p class=\"woocommerce-LostPassword lost_password\">\r\n\t\t\t\t\t\t<a href=\"https:\/\/passionalatable.com.br\/?page_id=10&#038;lost-password\">Lost password?<\/a>\r\n\t\t\t\t\t<\/p>\r\n\t\t\t\t\t\r\n\t\t\t\t<\/form>\r\n\t\t\t<\/div>\r\n\r\n\t\t\t\t\t<div role=\"tabpanel\" class=\"tab-pane\" id=\"register\">\r\n\r\n\t\t\t\t<form id=\"register\" method=\"post\" class=\"woocommerce-form woocommerce-form-register register\">\r\n\r\n\t\t\t\t\t<span class=\"sub-title\">Enter your email and password to register.<\/span>\r\n\t\t\t\t\t\r\n\t\t\t\t\t\r\n\t\t\t\t\t\r\n\t\t\t\t\t<p class=\"woocommerce-form-row woocommerce-form-row--wide form-row form-row-wide\">\r\n\t\t\t\t\t\t<input type=\"email\" class=\"woocommerce-Input woocommerce-Input--text input-text\" name=\"email\" id=\"reg_email\" placeholder=\"Email address\" autocomplete=\"email\" value=\"\" \/>\t\t\t\t\t<\/p>\r\n\r\n\t\t\t\t\t\t      \r\n\t      \t\t\t\t<p>A password will be sent to your email address.<\/p>\r\n\t      \r\n\t      \t\t\t\r\n\t\t\t\t\t\t<div class=\"woocommerce-privacy-policy-text\"><p>Seus dados pessoais est\u00e3o protegidos durante o seu acesso. Dados de cobran\u00e7a n\u00e3o s\u00e3o armazenados em nossos servidores.<\/p>\n<\/div>\r\n\t\t\t\t\t<p class=\"woocommerce-form-row form-row last\">\r\n\t\t\t\t\t\t<input type=\"hidden\" id=\"woocommerce-register-nonce\" name=\"woocommerce-register-nonce\" value=\"2fa6d480c9\" \/><input type=\"hidden\" name=\"_wp_http_referer\" value=\"\/index.php?rest_route=%2Fwp%2Fv2%2Fpages%2F10\" \/>\t\t\t\t\t\t<button type=\"submit\" class=\"woocommerce-Button button\" name=\"register\" value=\"Register\">Register<\/button>\r\n\t\t\t\t\t<\/p>\r\n\t\t\t\t\t\r\n\t\t\t\t\t\t\t\t\t<\/form>\r\n\t\t\t<\/div>\r\n\t\t\t\t<\/div>\r\n\t<\/div>\r\n\t<\/div>\r\n\r\n<\/div>\n","protected":false},"excerpt":{"rendered":"","protected":false},"author":1,"featured_media":0,"parent":0,"menu_order":0,"comment_status":"closed","ping_status":"closed","template":"","meta":{"footnotes":""},"class_list":["post-10","page","type-page","status-publish","hentry"],"_links":{"self":[{"href":"https:\/\/passionalatable.com.br\/index.php?rest_route=\/wp\/v2\/pages\/10","targetHints":{"allow":["GET"]}}],"collection":[{"href":"https:\/\/passionalatable.com.br\/index.php?rest_route=\/wp\/v2\/pages"}],"about":[{"href":"https:\/\/passionalatable.com.br\/index.php?rest_route=\/wp\/v2\/types\/page"}],"author":[{"embeddable":true,"href":"https:\/\/passionalatable.com.br\/index.php?rest_route=\/wp\/v2\/users\/1"}],"replies":[{"embeddable":true,"href":"https:\/\/passionalatable.com.br\/index.php?rest_route=%2Fwp%2Fv2%2Fcomments&post=10"}],"version-history":[{"count":1,"href":"https:\/\/passionalatable.com.br\/index.php?rest_route=\/wp\/v2\/pages\/10\/revisions"}],"predecessor-version":[{"id":2571,"href":"https:\/\/passionalatable.com.br\/index.php?rest_route=\/wp\/v2\/pages\/10\/revisions\/2571"}],"wp:attachment":[{"href":"https:\/\/passionalatable.com.br\/index.php?rest_route=%2Fwp%2Fv2%2Fmedia&parent=10"}],"curies":[{"name":"wp","href":"https:\/\/api.w.org\/{rel}","templated":true}]}}